s of 4729857?
3, 11, 143329
What are the prime factors of 493295?
5, 11, 8969
What are the prime factors of 1323585?
3, 5, 67, 439
List the prime factors of 625343.
625343
What are the prime factors of 24762254?
2, 11, 1125557
What are the prime factors of 37321?
37321
List the prime factors of 815243.
11, 13, 5701
What are the prime factors of 2051628?
2, 3, 17, 89, 113
List the prime factors of 2662005.
3, 5, 177467
List the prime factors of 40482764.
2, 7, 157, 9209
List the prime factors of 17335111.
67, 258733
What are the prime factors of 119152?
2, 11, 677
What are the prime factors of 2449633?
719, 3407
What are the prime factors of 1218220?
2, 5, 17, 3583
What are the prime factors of 134926?
2, 11, 6133
List the prime factors of 16332357.
3, 271, 20089
List the prime factors of 5080213.
5080213
List the prime factors of 23203118.
2, 11601559
What are the prime factors of 41239824?
2, 3, 17, 50539
What are the prime factors of 251089?
257, 977
List the prime factors of 670350.
2, 3, 5, 41, 109
List the prime factors of 3636741.
3, 41, 29567
What are the prime factors of 196623?
3, 7, 3121
List the prime factors of 2000469.
3, 666823
List the prime factors of 92158.
2, 11, 59, 71
What are the prime factors of 8240704?
2, 128761
What are the prime factors of 1544915?
5, 59, 5237
What are the prime factors of 4091522?
2, 2045761
What are the prime factors of 630983?
157, 4019
List the prime factors of 3396501.
3, 107, 3527
List the prime factors of 6562306.
2, 17, 193009
List the prime factors of 29251920.
2, 3, 5, 121883
What are the prime factors of 435797?
137, 3181
What are the prime factors of 5480880?
2, 3, 5, 41, 557
List the prime factors of 2228694.
2, 3, 13, 28573
What are the prime factors of 2031432?
2, 3, 13, 17, 383
List the prime factors of 4479679.
263, 17033
List the prime factors of 3381835.
5, 29, 83, 281
What are the prime factors of 145590?
2, 3, 5, 23, 211
List the prime factors of 440864.
2, 23, 599
List the prime factors of 3039997.
3039997
What are the prime factors of 13376652?
2, 3, 1114721
What are the prime factors of 742609?
7, 106087
List the prime factors of 15702.
2, 3, 2617
List the prime factors of 1142136.
2, 3, 29, 547
List the prime factors of 113739.
3, 31, 1223
What are the prime factors of 1136895?
3, 5, 75793
What are the prime factors of 9468070?
2, 5, 137, 6911
What are the prime factors of 2653731?
3, 294859
List the prime factors of 186639.
3, 62213
List the prime factors of 1941871.
31, 37, 1693
List the prime factors of 23878994.
2, 1009, 11833
What are the prime factors of 229661?
83, 2767
List the prime factors of 642623.
642623
What are the prime factors of 1644458?
2, 822229
List the prime factors of 12654436.
2, 3163609
What are the prime factors of 1802410?
2, 5, 180241
What are the prime factors of 184150?
2, 5, 29, 127
What are the prime factors of 18995?
5, 29, 131
List the prime factors of 1267955.
5, 13, 19507
What are the prime factors of 631536?
2, 3, 59, 223
List the prime factors of 139655.
5, 17, 31, 53
What are the prime factors of 295502?
2, 71, 2081
What are the prime factors of 556796?
2, 139199
What are the prime factors of 12402919?
71, 73, 2393
List the prime factors of 9284607.
3, 1031623
What are the prime factors of 22705885?
5, 1433, 3169
List the prime factors of 689289.
3, 229763
List the prime factors of 206928.
2, 3, 479
What are the prime factors of 233714?
2, 13, 89, 101
What are the prime factors of 4480606?
2, 13, 172331
What are the prime factors of 428382?
2, 3, 7933
What are the prime factors of 126348?
2, 3, 10529
List the prime factors of 7800923.
13, 600071
What are the prime factors of 434316?
2, 3, 17, 2129
List the prime factors of 336403.
336403
What are the prime factors of 15941623?
59, 157, 1721
List the prime factors of 18574392.
2, 3, 773933
List the prime factors of 658944.
2, 3, 11, 13
What are the prime factors of 427507?
41, 10427
What are the prime factors of 11567904?
2, 3, 41, 2939
What are the prime factors of 47764?
2, 11941
What are the prime factors of 944373?
3, 433, 727
List the prime factors of 928199.
41, 22639
What are the prime factors of 19579202?
2, 79, 83, 1493
What are the prime factors of 13293467?
11, 59, 20483
What are the prime factors of 231017?
231017
List the prime factors of 5263622.
2, 7, 13, 28921
List the prime factors of 545491.
23, 37, 641
List the prime factors of 92153.
92153
What are the prime factors of 1312642?
2, 656321
What are the prime factors of 984972?
2, 3, 79, 1039
List the prime factors of 1629647.
1629647
List the prime factors of 2373122.
2, 127, 9343
List the prime factors of 12400376.
2, 101, 103, 149
List the prime factors of 4495327.
17, 23, 11497
What are the prime factors of 532918?
2, 41, 67, 97
What are the prime factors of 25486759?
25486759
List the prime factors of 150585.
3, 5, 10039
What are the prime factors of 1386276?
2, 3, 115523
What are the prime factors of 4414307?
31, 131, 1087
List the prime factors of 797042.
2, 23, 17327
What are the prime factors of 217940?
2, 5, 17, 641
List the prime factors of 420386.
2, 210193
List the prime factors of 10775125.
5, 86201
What are the prime factors of 1975590?
2, 3, 5, 271
What are the prime factors of 4295938?
2, 19, 113051
List the prime factors of 4081225.
5, 163249
List the prime factors of 322581.
3, 7, 15361
List the prime factors of 375923.
375923
List the prime factors of 8627487.
3, 11, 261439
What are the prime factors of 2453832?
2, 3, 173, 197
What are the prime factors of 197088?
2, 3, 2053
List the prime factors of 3926051.
47, 103, 811
What are the prime factors of 2775284?
2, 17, 40813
List the prime factors of 1221833.
19, 107, 601
List the prime factors of 315595.
5, 7, 71, 127
List the prime factors of 421266.
2, 3, 61, 1151
What are the prime factors of 2574957?
3, 7, 11, 71, 157
What are the prime factors of 5565924?
2, 3, 7, 13, 1699
What are the prime factors of 11326?
2, 7, 809
List the prime factors of 3599093.
3599093
What are the prime factors of 3260606?
2, 1630303
List the prime factors of 451381.
7, 64483
What are the prime factors of 63752?
2, 13, 613
What are the prime factors of 298694?
2, 11, 13577
What are the prime factors of 3227684?
2, 41, 19681
What are the prime factors of 1550751?
3, 107, 4831
What are the prime factors of 945896?
2, 7, 19, 127
List the prime factors of 13461426.
2, 3, 11, 67987
What are the prime factors of 221735?
5, 61, 727
What are the prime factors of 647724?
2, 3, 7, 11, 701
List the prime factors of 1456516.
2, 364129
List the prime factors of 791245.
5, 7, 13, 37, 47
List the prime factors of 25932028.
2, 1721, 3767
What are the prime factors of 25527402?
2, 3, 61, 67, 347
List the prime factors of 14575362.
2, 3, 547, 4441
What are the prime factors of 185233?
185233
What are the prime factors of 96746?
2, 13, 61
List the prime factors of 1591373.
7, 47, 691
List the prime factors of 895158.
2, 3, 11, 137
List the prime factors of 233110.
2, 5, 23311
List the prime factors of 614790.
2, 3, 5, 11, 23
What are the prime factors of 552852?
2, 3, 5119
List the prime factors of 612152.
2, 76519
What are the prime factors of 7457842?
2, 7, 19, 23, 53
What are the prime factors of 6319817?
7, 823, 1097
What are the prime factors of 16327?
29, 563
What are the prime factors of 118639?
29, 4091
List the prime factors of 1404776.
2, 89, 1973
List the prime factors of 506448.
2, 3, 3517
What are the prime factors of 145394?
2, 139, 523
What are the prime factors of 469591?
17, 23, 1201
What are the prime factors of 877668?
2, 3, 11, 61, 109
What are the prime factors of 9023261?
13, 157, 4421
What are the prime factors of 448389?
3, 16607
List the prime factors of 991166.
2, 11, 45053
What are the prime factors of 5831076?
2, 3, 485923
List the prime factors of 301743.
3, 13, 2579
List the prime factors of 407699.
407699
What are the prime factors of 609051?
3, 203017
What are the prime factors of 728392?
2, 7, 13007
What are the prime factors of 9583868?
2, 7, 342281
List the prime factors of 1502718.
2, 3, 7, 37, 967
List the prime factors of 2432177.
11, 127, 1741
List the prime factors of 975.
3, 5, 13
List the prime factors of 413541.
3, 45949
What are the prime fact